ite?
True
Is 1080036131 a composite number?
True
Is 6084914809 a composite number?
True
Is 827939339 prime?
True
Is 13672066193 a prime number?
True
Is 10737897179 a prime number?
False
Is 92006030119 composite?
True
Is 101162025761 a composite number?
False
Is 3978349933 composite?
False
Is 21931462627 a composite number?
False
Is 388922087 composite?
False
Is 22690426931 prime?
False
Is 2198655751 prime?
True
Is 5896843927 a prime number?
False
Is 352034568829 prime?
True
Is 6779137559 a prime number?
True
Is 603870097 prime?
True
Is 864422522 composite?
True
Is 177072331 composite?
True
Is 22387074661 composite?
True
Is 556564939 a composite number?
True
Is 637425137 a prime number?
True
Is 2512249297 a composite number?
True
Is 3065385853 composite?
False
Is 2277130367 prime?
True
Is 721508533 prime?
False
Is 82914667219 a composite number?
False
Is 8368643937 a prime number?
False
Is 177863131 a composite number?
False
Is 9063389827 composite?
False
Is 922437667 prime?
True
Is 31563018947 a composite number?
True
Is 1945262027 prime?
True
Is 3066229717 a prime number?
True
Is 6506951431 prime?
True
Is 8242211777 a composite number?
False
Is 248867587 composite?
True
Is 795161509 prime?
False
Is 823720763 composite?
True
Is 12988299887 composite?
False
Is 206679331 prime?
True
Is 261393161 prime?
False
Is 646216507 prime?
False
Is 951808607 a prime number?
True
Is 2017924039 composite?
False
Is 23815867063 composite?
True
Is 100508081917 composite?
False
Is 46830613 a prime number?
True
Is 72863209 a composite number?
False
Is 7171852769 prime?
True
Is 4230284381 a prime number?
True
Is 13046089193 a composite number?
False
Is 7919320081 prime?
False
Is 10296627113 a composite number?
False
Is 2241146003 a composite number?
True
Is 82106809 composite?
True
Is 4012864673 composite?
False
Is 228949023 prime?
False
Is 379127443 a composite number?
False
Is 312949517 prime?
False
Is 467895361 a prime number?
False
Is 676639991 a prime number?
True
Is 72841535153 a composite number?
False
Is 32525688619 a prime number?
False
Is 256399343 a prime number?
False
Is 18233882369 prime?
False
Is 472284051 prime?
False
Is 10505889949 a composite number?
False
Is 18584141041 composite?
False
Is 16285210187 prime?
True
Is 2880910733 composite?
True
Is 14005417781 a prime number?
True
Is 4002947491 prime?
True
Is 6662699413 composite?
True
Is 79439067989 composite?
False
Is 10627023499 prime?
True
Is 67460759141 a prime number?
True
Is 296461311 a prime number?
False
Is 190581389 a composite number?
True
Is 10094174869 a prime number?
False
Is 19794527897 prime?
False
Is 2716685369 a prime number?
True
Is 9523633637 composite?
True
Is 4482917963 composite?
True
Is 54290750777 a prime number?
True
Is 3031668797 prime?
False
Is 59118650999 composite?
True
Is 2755204457 composite?
False
Is 897695317 a composite number?
False
Is 21246101329 composite?
True
Is 1214354941 a composite number?
False
Is 1375624007 composite?
False
Is 13266376291 composite?
True
Is 11920778 prime?
False
Is 4117883527 composite?
False
Is 16693554067 prime?
True
Is 244192991 composite?
True
Is 959722619 a prime number?
True
Is 1892254073 a prime number?
True
Is 252375007 prime?
False
Is 155643547 a composite number?
True
Is 94544602727 prime?
True
Is 19450103 a composite number?
True
Is 161112349039 composite?
False
Is 25921691 composite?
False
Is 18435966929 prime?
True
Is 493070087 composite?
False
Is 619699246 prime?
False
Is 551953609 composite?
True
Is 571547729 prime?
True
Is 33277317371 a prime number?
False
Is 5320152787 a composite number?
True
Is 1508913607 prime?
True
Is 12665829509 a prime number?
True
Is 7603369373 composite?
False
Is 6253181657 composite?
False
Is 2657947087 composite?
True
Is 918681271 a prime number?
False
Is 18030823774 a composite number?
True
Is 107535182287 composite?
True
Is 55233879203 prime?
False
Is 1087798981 a prime number?
True
Is 23335777241 prime?
False
Is 967810973 composite?
False
Is 82333180417 a prime number?
True
Is 2320844999 prime?
False
Is 99149861 a prime number?
True
Is 49417559473 composite?
True
Is 47817083247 a prime number?
False
Is 606808537 prime?
False
Is 278368861 a composite number?
True
Is 1679591681 composite?
False
Is 52909982371 a prime number?
True
Is 811137451 a composite number?
True
Is 4295046677 a prime number?
False
Is 6288918019 prime?
True
Is 3004275749 a prime number?
False
Is 1224914585 a composite number?
True
Is 3251986651 composite?
False
Is 310261243 prime?
False
Is 62514101 composite?
True
Is 41637932107 a composite number?
True
Is 59074453493 composite?
True
Is 5703022223 a prime number?
False
Is 4269339857 a prime number?
True
Is 857990167 a composite number?
False
Is 3852828977 a composite number?
False
Is 16069336273 composite?
False
Is 33885891209 prime?
True
Is 997049627 a prime number?
False
Is 3986770237 a prime number?
False
Is 19182522347 prime?
False
Is 85079553589 composite?
False
Is 118148683 a composite number?
True
Is 44624232043 prime?
True
Is 423402643 a prime number?
False
Is 2809449403 a prime number?
True
Is 6291933457 composite?
True
Is 274277611 a prime number?
True
Is 6671149627 prime?
True
Is 214362455 composite?
True
Is 16467452699 prime?
True
Is 31802251249 prime?
True
Is 2865404233 prime?
True
Is 4437648191 a composite number?
True
Is 1117118074 a composite number?
True
Is 552239879 composite?
False
Is 3958523741 a composite number?
False
Is 2509284821 prime?
False
Is 2954789857 a composite number?
False
Is 606173483 a composite number?
True
Is 266141573 a prime number?
False
Is 1088105749 composite?
True
Is 46924000819 composite?
True
Is 68587201 a composite number?
False
Is 428288593 a prime number?
True
Is 78106419931 a prime number?
True
Is 68063906741 a composite number?
False
Is 995251819 a prime number?
True
Is 31758953 prime?
True
Is 109676080571 composite?
True
Is 1023508463 composite?
False
Is 407729369 composite?
True
Is 165575717 composite?
False
Is 31567343971 a composite number?
False
Is 4514433751 prime?
False
Is 47035663985 prime?
False
Is 16446517169 a prime number?
False
Is 1111631971 a prime number?
False
Is 23145585217 composite?
False
Is 146233963 a prime number?
True
Is 487941169 a prime number?
False
Is 27486496945 a prime number?
False
Is 719069353 prime?
True
Is 7215763591 prime?
True
Is 2019681959 composite?
False
Is 235904453 composite?
False
Is 525405137 composite?
False
Is 17352601007 a prime number?
False
Is 123598543 prime?
True
Is 6989897923 prime?
True
Is 678508459 a prime number?
True
Is 104237550805 composite?
True
Is 795942739 a composite number?
True
Is 9998885317 composite?
False
Is 22578541009 prime?
True
Is 3751993801 prime?
True
Is 5123800193 a prime number?
True
Is 684898919 prime?
False
Is 1655604869 composite?
False
Is 459517219 prime?
False
Is 120160207 a prime number?
True
Is 132094429 prime?
True
Is 15931990169 a composite number?
False
Is 55739229583 a prime number?
False
Is 67299519869 a prime number?
True
Is 820146293 a composite number?
False
Is 147356611 prime?
True
Is 185602169 prime?
True
Is 12223673603 composite?
True
Is 4849200473 a composite number?
True
Is 25295046779 composite?
True
Is 435585047 a prime number?
False
Is 447364009 prime?
True
Is 106092275507 a composite number?
False
Is 9600028637 prime?
True
Is 61737609337 composite?
False
Is 20749307287 prime?
True
Is 60958642097 a composite number?
False
Is 117001541 prime?
True
Is 4572804493 composite?
True
Is 1713915917 a prime number?
False
Is 6658801631 composite?
True
Is 3341481809 prime?
True
Is 2879075909 a composite number?
True
Is 62850684595 prime?
False
Is 6628003555 a prime number?
False
Is 100916194727 a composite number?
True
Is 386254445 composite?
True
Is 2609555251 prime?
True
Is 125986650485 a prime number?
False
Is 1195165241 a prime number?
True
Is 937676177 a prime number?
False
Is 216345075259 a prime number?
False
Is 33821039593 composite?
True
Is 114636880691 a composite number?
True
Is 1741330882 prime?
False
Is 376560151 composite?
True
Is 457970479 composite?
True
Is 1198688681 a prime number?
False
Is 195650941 composite?
False
Is 17665305167 a prime number?
True
Is 10229079479 prime?
True
Is 872776207 a prime number?
True
Is 22036